at is the tens digit of x?
2
Suppose 16 - 10 = p. What is the tens digit of 897/p - ((-27)/6 + 4)?
5
Let f(x) = 22*x**2 + 12*x + 77. What is the tens digit of f(-4)?
8
Suppose -4*c - 10 = -3*w - 3*c, -2*c = 4*w. Suppose 1 + 3 = w*l. What is the units digit of l + -4 - (1 - 11)?
8
Suppose -g = -3*l - 25, l + 3*l = 5*g - 37. Let t = -8 - l. Suppose -4*q - 4*x + 76 = t, -3*q - 5*x + 10 = -55. What is the tens digit of q?
1
Let k be -4 - -1 - (-10 + 3). Suppose 176 - 24 = k*r. Suppose o + 7 = r. What is the units digit of o?
1
Let f(k) = k**2 + 7*k + 12. Let u be f(-5). Suppose 0 = -8*c + u*c + 780. What is the tens digit of c?
3
Suppose -2*r = 3*r. Suppose -5*z + 4*k = 0, r = 2*z - k - 0*k. Suppose -4*c + 42 + 206 = z. What is the units digit of c?
2
What is the hundreds digit of (-6 - -9) + 255 - 1*-4?
2
Let g(q) = 205*q + 406. What is the hundreds digit of g(7)?
8
Suppose -3*v = q - 8, 0*v + 8 = -5*q + v. What is the units digit of (-15)/(-1) - q - -3?
9
Let w be (-35)/(-5) + -4 - -17. Suppose w*i = 18*i + 50. What is the tens digit of i?
2
Let z(k) be the third derivative of 0 + 1/60*k**5 - 2*k**2 + 1/120*k**6 + 13/3*k**3 + 0*k**4 + 0*k. What is the units digit of z(0)?
6
Let y be -4 + ((-32 - 0)/(-4) - 1). Suppose y*u + 2*a - 747 = 0, -3*u - a = -135 - 612. What is the hundreds digit of u?
2
What is the thousands digit of (-22 - 0)/(-4*(-18)/(-7236))?
2
Let a be (-1)/4 - (-2050)/8. Suppose -a - 40 = -4*x. What is the tens digit of x?
7
Let i(b) = -7*b**3 + 4*b**2 + 8*b - 1. What is the tens digit of i(-5)?
3
What is the hundreds digit of (-5 - -24 - 5)/((-1)/(-28))?
3
Let c(p) = -5*p - 9. Let j be c(7). What is the units digit of 2/4*(5 - 5) - j?
4
Let w(p) = 2*p**2 - 14*p - 104. What is the units digit of w(-11)?
2
Let a = 5841 - 2616. What is the hundreds digit of a?
2
Let r(t) = 2*t**2 - 8*t + 3. Let u be r(4). Suppose 0 = -3*z + 3*b + 165, 2*z + u*b = z + 47. What is the tens digit of z?
5
Suppose 367*f = 363*f + 3164. What is the units digit of f?
1
Let l = 4217 + -1029. What is the tens digit of l?
8
What is the units digit of (((-98035)/(-10))/7)/((-2)/(-4))?
1
Let t = 15 + -27. Let x = 9 + t. What is the tens digit of 40*((-6)/4)/x?
2
Let g be (-4)/6*-3 - -13. Suppose -5*h - g = -10*h. Suppose y = -2*m + 5*m + 33, -h*y - m + 49 = 0. What is the units digit of y?
8
Let i be 2/((5 - 1)/4). Suppose i*r - 4*o = 172, -4*r - 2*o = -9*r + 398. Suppose 3*j = -5*l - 16 + 121, 4*l = 3*j - r. What is the units digit of j?
0
Suppose -10 = -5*n - 5*i, 3*n + 11 - 3 = 4*i. Suppose n = -p + 3*p. Suppose p = v + 2*v - 81. What is the units digit of v?
7
Let t = -2685 + 3911. What is the tens digit of t?
2
What is the units digit of (6/(-48)*-26)/(1/12)?
9
What is the tens digit of ((-13)/(-78))/((-7)/(-32298))?
6
Suppose x + r + 2 = 0, 2*x = 4*r + 4 - 2. What is the tens digit of (x - -15)/(((-16)/(-22))/4)?
7
Suppose 2*f - f - 27 = 0. Suppose f = 2*n + 89. Let w = n - -51. What is the units digit of w?
0
Suppose 5*b - 4*u = 6460 + 1317, 3*u = 5*b - 7774. What is the thousands digit of b?
1
Let p = 1454 + -1451. Let v be ((-6)/(-2))/(1/2). What is the tens digit of 368/4*p/v?
4
Suppose 0 = -3*o - 1 + 4. Let b(c) = 89*c - 1. Let h be b(o). Suppose -5*l + 50 = -3*k - 46, -5*l = k - h. What is the tens digit of l?
1
Suppose 969 = 18*m - 15*m. What is the units digit of m?
3
Let u = -1592 - -2724. What is the hundreds digit of u?
1
Suppose -17*m + 3504 = -9*m. Let w = -286 + m. What is the hundreds digit of w?
1
Let k = -4 - -3. Let j(z) = z**2 - 14*z. Let l be j(8). What is the units digit of ((-7)/(-14))/(k/l)?
4
Let q be (-3 - -42)*(-12)/9. Let x = -22 - q. Suppose 2 + x = 4*u. What is the units digit of u?
8
Suppose 0 = 33*u - 13*u - 20400. What is the tens digit of u?
2
Let d be (-1)/(-5) + (-5034)/(-30). Suppose 4*j - d = -2*h - 2*h, -4*h = 5*j - 208. Suppose 3*b + 0*b = m - j, 0 = -5*m - b + 184. What is the units digit of m?
7
Suppose 10 = 3*r - 89. What is the hundreds digit of 104 + (r/(-22) - 6/4)?
1
Let r(j) = -j**3 - 14*j**2 - 11*j + 18. Let g be r(-13). Let w = -11 + g. Let p = w + 34. What is the units digit of p?
5
Suppose 2 = 2*l - 0. Suppose 0 = -3*n - 4*y - 7, -n + y = -8 + l. Suppose 0*f - 24 = -n*f. What is the units digit of f?
8
Let q = 109 - -1159. What is the units digit of q?
8
Suppose 3*v - 40 = -p, 40 = -2*p + 4*p - 4*v. Suppose -4*y = -3*d - 21, -2*d - p = -2*y - 3*y. Suppose -40 = -y*s + s. What is the units digit of s?
8
Let b(r) = -r**2 + 3*r + 5. Let m be b(12). Let j = -46 - m. What is the tens digit of j?
5
Let s(b) = -3*b**3 - 7*b**2 - 29*b + 2. What is the hundreds digit of s(-13)?
7
Suppose -3*i - 9 = k, 4*i + 12 = i. Suppose 453 = 4*u - k*a, 5*u + 5*a = 43 + 532. What is the hundreds digit of u?
1
Suppose 2*k - a + 4 = 0, -32 = -0*k + 5*k + 3*a. Let n(h) = -3*h - 2*h**2 + h**2 - 2*h. What is the units digit of n(k)?
4
Let x = -721 + 1665. What is the hundreds digit of x?
9
Let d = -306 - -588. What is the units digit of d?
2
Suppose 5*q - 24 = -14. Suppose -532 = -2*k - q*k. What is the tens digit of k?
3
Suppose 349 = 9*c - 398. Suppose 125 = c*p - 78*p. What is the tens digit of p?
2
Suppose 5*a - 7 = w + 21, 36 = -5*w - a. Let d(c) = -29*c - 74. What is the units digit of d(w)?
8
Suppose 0 = -4*q + 5*d + 30, -4*d + 3*d + 13 = 3*q. Suppose -l + 30 = -2*u, q*l = 4*u + u + 130. What is the tens digit of l?
2
Let i be (-1854)/(-14) + 15/(-35). Suppose 2 + 8 = -5*k, -5*k = -2*x + i. What is the tens digit of x?
6
Suppose 134*o - 115*o - 51870 = 0. What is the tens digit of o?
3
Let z be 2 + (-2 - 2 - -2)/(-1). Suppose -z*n = -6*n + 26. What is the units digit of n?
3
Let r be 399/9 - 8/6. Let g = 69 - r. What is the units digit of g?
6
Suppose 5*h - 127 + 467 = 0. Suppose 0*n = -2*n - 92. Let l = n - h. What is the units digit of l?
2
Suppose -3*l + 207 + 191 = -d, -4*d = -3*l + 404. Suppose 4*m = 112 + l. What is the tens digit of m?
6
Suppose -25 = -3*h + 2*h. Suppose -3 - h = -7*t. What is the units digit of t?
4
Let b be (-12)/15*(-2 - -237). Let o = b - -284. Suppose 0*n - 2*z - o = -3*n, 4*z = -3*n + 114. What is the tens digit of n?
3
Let j(w) = 21*w**3 - 4*w**2 + 8*w + 1. Suppose 2*m = -4*d - 2, 5*m = -d + m - 18. What is the units digit of j(d)?
9
Let w(j) be the second derivative of 12*j**3 - 2*j**2 - j. Let m be w(2). Suppose -4*k = 5*v - 83, v + 0*v + m = 5*k. What is the units digit of k?
7
What is the tens digit of (-1)/4 - -1 - (-1455)/12?
2
Let s = -1865 + 3332. What is the thousands digit of s?
1
Suppose 3*r - 3 = 3. Suppose 10 + 6 = -r*n. Let y = n + 10. What is the units digit of y?
2
Let b(a) = -6*a - 34. Let y be b(-12). Let s = y - -229. What is the hundreds digit of s?
2
Let a(p) = p**2 + p - 1. Let i be a(-3). Suppose -m = m, 10 = i*b + 5*m. Suppose 3*y - 12 = -r, -b*y - 3*y + 69 = 4*r. What is the units digit of r?
1
What is the tens digit of 2/(-2 - -1)*(-7158)/12?
9
Let s(o) = o**3 - 7*o**2 + 3. Let a be s(7). Let f = 2 - a. Let p = f + 18. What is the units digit of p?
7
Let u = 59 - 55. Suppose -174 = -2*l - u*j, 3*l - 5*j = -0*l + 261. What is the tens digit of l?
8
Let g = -1358 + 1418. What is the units digit of g?
0
Let u = 767 - -1047. What is the thousands digit of u?
1
Let b = 1 - -7. Suppose -i = -b - 30. What is the tens digit of i?
3
Suppose 590 = o - 11*o. What is the units digit of 28 - 0/1 - o/(-59)?
7
Suppose 5*n = 3*m - 220, 0*n = -2*m + n + 142. Let i(l) = l**3 - 26*l**2 - 26*l - 22. Let t be i(27). Suppose 0*b + m = t*b. What is the tens digit of b?
1
Suppose 4*h - 2*y - 70 = 0, -2*h + 38 = -0*h - 2*y. Suppose 0 = 2*o - h + 4. Let l(q) = -q**3 + 6*q**2 + 4*q + 1. What is the units digit of l(o)?
5
Suppose 0 = -3*j + 2*j + 2. Suppose 0 = -z - g + 3*g + j, g - 26 = -4*z. Suppose s - 3*h + h = 26, 0 = 3*h + z. What is the units digit of s?
2
Suppose 0*d = 3*d. Suppose -2*k + 4*c + 94 = d, 2*c + 194 = 4*k - 0*c. What is the tens digit of k?
4
Let t(o) be the first derivative of o**4/4 - o**3 - o**2/2 - 3*o + 1. Let b be t(4). What is the units digit of 48/18*b/12?
2
Let w(i) = 19*i**2 + 9*i + 24. What is the hundreds digit of w(-4)?
2
Let z = 124 - 182. Let f = z + 160. What is the tens digit of f?
0
Suppose -39053 = -36*k - 13*k. What is the units digit of k?
7
Suppose -5